 divided by 892.
12
What is the remainder when 370357 is divided by 2231?
11
What is the remainder when 1047335 is divided by 95072?
1543
Calculate the remainder when 14293 is divided by 4559.
616
Calculate the remainder when 241112 is divided by 24046.
652
What is the remainder when 4589261 is divided by 1552?
1549
Calculate the remainder when 4409172 is divided by 427.
397
What is the remainder when 2100193 is divided by 13?
4
What is the remainder when 35156 is divided by 1598?
0
What is the remainder when 257557 is divided by 5148?
157
Calculate the remainder when 13995034 is divided by 1151.
25
What is the remainder when 1467841 is divided by 133?
53
What is the remainder when 1241362 is divided by 18242?
906
What is the remainder when 339079 is divided by 1985?
1629
Calculate the remainder when 543963114 is divided by 2998.
2996
What is the remainder when 1923859 is divided by 213749?
118
Calculate the remainder when 69962412 is divided by 995.
977
Calculate the remainder when 259948986 is divided by 5.
1
Calculate the remainder when 296866 is divided by 59311.
311
What is the remainder when 41135510 is divided by 8227099?
15
What is the remainder when 17400 is divided by 1082?
88
Calculate the remainder when 258133 is divided by 1.
0
What is the remainder when 589948 is divided by 13718?
74
Calculate the remainder when 36875424 is divided by 107.
14
What is the remainder when 20614252 is divided by 571?
10
What is the remainder when 633083 is divided by 90261?
1256
Calculate the remainder when 1365368 is divided by 21.
11
What is the remainder when 211426 is divided by 50698?
8634
Calculate the remainder when 28214 is divided by 9378.
80
What is the remainder when 332450 is divided by 2172?
134
What is the remainder when 7791809 is divided by 1558350?
59
Calculate the remainder when 9998414 is divided by 340.
34
What is the remainder when 727052 is divided by 642?
308
What is the remainder when 3785139 is divided by 252337?
84
What is the remainder when 22410616 is divided by 29?
25
What is the remainder when 935673 is divided by 13146?
2307
Calculate the remainder when 35021138 is divided by 16191.
5
Calculate the remainder when 53518 is divided by 629.
53
What is the remainder when 112216 is divided by 4300?
416
Calculate the remainder when 1804594 is divided by 3232.
1138
Calculate the remainder when 51247218 is divided by 3202951.
2
What is the remainder when 1597678 is divided by 399373?
186
Calculate the remainder when 107960 is divided by 21561.
155
Calculate the remainder when 11231899 is divided by 4482.
7
Calculate the remainder when 1241063 is divided by 529.
29
What is the remainder when 6452298 is divided by 403261?
122
What is the remainder when 2208025 is divided by 646?
643
Calculate the remainder when 3791139 is divided by 582.
573
What is the remainder when 89394 is divided by 1227?
1050
Calculate the remainder when 3137804 is divided by 6537.
44
Calculate the remainder when 154902 is divided by 605.
22
What is the remainder when 33096702 is divided by 18?
12
What is the remainder when 61108 is divided by 19358?
3034
What is the remainder when 35017 is divided by 1353?
1192
What is the remainder when 79031182 is divided by 31?
30
Calculate the remainder when 214402 is divided by 71454.
40
Calculate the remainder when 1704679 is divided by 1704678.
1
Calculate the remainder when 5949060 is divided by 1105.
845
What is the remainder when 3068619 is divided by 1534275?
69
Calculate the remainder when 54179538 is divided by 89.
76
What is the remainder when 3967909 is divided by 27?
16
What is the remainder when 134750 is divided by 1530?
110
What is the remainder when 12569514 is divided by 30?
24
Calculate the remainder when 9589929 is divided by 70.
69
What is the remainder when 42740 is divided by 29?
23
What is the remainder when 90940 is divided by 18172?
80
What is the remainder when 211195257 is divided by 855?
852
What is the remainder when 6565497 is divided by 1641362?
49
What is the remainder when 65015245 is divided by 2241905?
0
Calculate the remainder when 46274024 is divided by 110.
104
What is the remainder when 1333099 is divided by 333273?
7
What is the remainder when 62206 is divided by 20659?
229
What is the remainder when 740936 is divided by 232?
160
What is the remainder when 32384 is divided by 6234?
1214
What is the remainder when 5965504 is divided by 2982733?
38
Calculate the remainder when 1868983 is divided by 1868819.
164
Calculate the remainder when 8164524 is divided by 8164311.
213
What is the remainder when 3351 is divided by 181?
93
Calculate the remainder when 2481074 is divided by 10.
4
Calculate the remainder when 24657 is divided by 87.
36
Calculate the remainder when 68060415 is divided by 6014.
5991
Calculate the remainder when 41151990 is divided by 260.
230
What is the remainder when 845796 is divided by 46987?
30
Calculate the remainder when 19256989 is divided by 6418984.
37
What is the remainder when 2801932 is divided by 155?
152
Calculate the remainder when 5882743 is divided by 6285.
6268
What is the remainder when 478459 is divided by 112?
107
Calculate the remainder when 101529 is divided by 49898.
1733
Calculate the remainder when 95304 is divided by 677.
524
What is the remainder when 1486566 is divided by 5947?
5763
Calculate the remainder when 448386 is divided by 55022.
8210
What is the remainder when 169513 is divided by 72?
25
What is the remainder when 101906884 is divided by 5779?
5777
Calculate the remainder when 1530222 is divided by 802.
6
Calculate the remainder when 3734031 is divided by 304.
303
What is the remainder when 221704 is divided by 110658?
388
What is the remainder when 10781020 is divided by 465?
460
What is the remainder when 11813351 is divided by 46?
45
Calculate the remainder when 38925 is divided by 13.
3
What is the remainder when 519338161 is divided by 3853?
3850
Calculate the remainder when 44652991 is divided by 11163247.
3
What is the remainder when 77438 is divided by 1265?
273
What is the remainder when 95512 is divided by 31356?
1444
What is the remainder when 4499064 is divided by 899810?
14
Calculate the remainder when 731937 is divided by 1839.
15
What is the remainder when 13122 is divided by 2171?
96
Calculate the remainder when 1968420 is divided by 162.
120
What is the remainder when 3240766 is divided by 1058?
112
What is the remainder when 10076867 is divided by 707?
703
What is the remainder when 19047769 is divided by 5?
4
Calculate the remainder when 1660516 is divided by 2352.
4
Calculate the remainder when 974182 is divided by 1527.
1483
What is the remainder when 10606904 is divided by 244?
224
What is the remainder when 413591 is divided by 413588?
3
Calculate the remainder when 40379 is divided by 464.
11
Calculate the remainder when 4709939 is divided by 6382.
23
Calculate the remainder when 9677130 is divided by 5489.
23
What is the remainder when 10364798 is divided by 1025?
1023
Calculate the remainder when 130849 is divided by 300.
49
What is the remainder when 12377998 is divided by 75?
73
Calculate the remainder when 5887679 is divided by 637.
525
What is the remainder when 1274658 is divided by 141547?
735
Calculate the remainder when 529529 is divided by 176458.
155
Calculate the remainder when 225265263 is divided by 414.
411
Calculate the remainder when 6518142 is divided by 26.
20
What is the remainder when 3548280 is divided by 284?
268
What is the remainder when 1162885 is divided by 64579?
463
Calculate the remainder when 736590 is divided by 2376.
30
What is the remainder when 54649558 is divided by 1391?
1341
What is the remainder when 111003 is divided by 36557?
1332
What is the remainder when 10163588 is divided by 4884?
4868
What is the remainder when 385305 is divided by 128410?
75
Calculate the remainder when 20204346 is divided by 2487.
2445
Calculate the remainder when 1829946 is divided by 442.
66
What is the remainder when 4099952 is divided by 52?
12
What is the remainder when 37330 is divided by 378?
286
Calculate the remainder when 28390774 is divided by 604059.
1
What is the remainder when 27751445 is divided by 1412?
1409
Calculate the remainder when 19717 is divided by 432.
277
